its digit of f?
5
Let x(b) = b**2 + 2*b - 8. Let t be x(-9). Let d = -12 + t. Let g = d + -21. What is the units digit of g?
2
Let k = 40 - 34. Suppose r + k = -16. Let t = r + 47. What is the units digit of t?
5
Let x(c) = 9*c - 11. Let p(g) = -26*g + 32. Let h(t) = -4*p(t) - 11*x(t). Let k(q) = 10*q - 15. Let d(z) = -9*h(z) + 4*k(z). What is the tens digit of d(-5)?
2
Suppose 35 + 41 = 4*v. Suppose 0 = -4*t - m - 4, 20 = -t + 5*t - 5*m. Suppose -v*o + 15*o + 236 = t. What is the tens digit of o?
5
Let q = -13 + 13. Suppose -2*z + q*z = -304. What is the tens digit of ((-15)/(-10))/(6/z)?
3
Let y(n) = n**2 + 3*n + 4. Let b be y(-2). Suppose 2*q = b*h + 194, -h - 3*h + 476 = 5*q. What is the units digit of q?
6
Let i(m) = 8*m**2 - 17*m + 21. What is the hundreds digit of i(5)?
1
Suppose 9*y = 7*y + 10. Suppose 0 = y*k - 658 - 37. Suppose -4*z = 7 - k. What is the units digit of z?
3
Let y(v) = 6*v**2 - 10*v - 5. Suppose -3*r - 3 = -3*z - 0, 5*r = -4*z - 50. What is the hundreds digit of y(r)?
2
Let m(n) = 26*n + 713. What is the tens digit of m(68)?
8
Let a = 1488 - 66. What is the tens digit of a?
2
Let g(t) be the second derivative of -t**5/20 + 7*t**4/12 + t**3/6 - 4*t**2 + 9*t. What is the units digit of g(6)?
4
Suppose -4*r + 5*w + 2718 = 0, 3*r + 3*w - 1615 = 437. What is the units digit of r?
2
Suppose 0 = 3*l + 2*l. Suppose 2*g + 4*g - 450 = l. What is the units digit of g?
5
Let z(v) = 3*v**2 + v + 1. Let y be (-2)/4*(16 - 8). What is the tens digit of z(y)?
4
Suppose 4844 = 7*r + 987. What is the units digit of r?
1
What is the tens digit of ((-35)/(-11) - 3) + 247296/154?
0
Let g(s) = 28*s - 34. What is the tens digit of g(8)?
9
Suppose 2*q + 1 = 5*t, -4*t + 19 = 3*q - 37. Suppose y - q = -2*y. Suppose 2*d - 26 = -0*d - k, -48 = -4*d - y*k. What is the units digit of d?
4
Suppose 2*b - 3 = -c - 0, 5*c = -5*b. Let k(v) = 6*v + 17. Let h be k(-3). What is the tens digit of c/((-3)/(-31))*h?
3
Let k(j) = 3*j**2 + 6*j - 3. Let c be k(5). Suppose -3*l - c + 3 = 0. Let h = -22 - l. What is the tens digit of h?
1
Let t(y) = y**2 + 24*y + 30. Let s be t(-16). Let p = 118 + s. What is the tens digit of p?
2
Let y(i) = i**3 - 8*i**2 - 9*i - 6. Let o be y(11). Let t = o - 77. What is the units digit of t?
1
Let n be (-100)/(-36) - (-2)/9. Suppose d = -3*q + 15, -n*d + 4*q + 9 + 10 = 0. What is the units digit of 2 + 4/(4/d)?
1
Let x = -155 - -88. Let w = 131 + x. What is the units digit of w?
4
Let c(p) = -p - 12. Let b be c(-3). What is the units digit of (-30)/9*(-2)/((-2)/b)?
0
Let w = 885 - 312. What is the hundreds digit of w?
5
Suppose -5*x + 248 = -2*b, 71 = 4*x + 3*b - 132. Suppose 0 = 8*t - 1310 - x. What is the units digit of t?
0
Suppose 3*r = 3*o - 9, -4*o + 12 = 4*r - 0*r. Suppose 2*i - 1 - 9 = r. Suppose -d = -5*f - 40, d + i*f + 2 = -8. What is the units digit of d?
5
Suppose -p = -2*i + 4*p + 361, 4*i - 708 = -4*p. What is the tens digit of i?
7
Suppose 6*r - 5*r - 2 = 0, -c + 12 = 5*r. Suppose 3*a - 651 = -a - z, a - c*z - 165 = 0. What is the hundreds digit of a?
1
Let v(n) = -n**3 + 17*n**2 - 12*n - 20. Let x be v(16). Suppose 0 = -4*k + 12 + x. What is the tens digit of k?
1
Let s(b) = -14*b**2 - 2*b - 3. Let z be s(-2). Let x = z + 119. Suppose -16 = -4*i + x. What is the tens digit of i?
2
Let b be (-4)/24 + 19/6. Let c be 1 - b - -2 - -2. Suppose 0*t + 2*t - c = 0. What is the units digit of t?
1
Suppose 3*x = y - 6, -y - 3 = -2*y. Let w = 4 - x. Suppose o = w*t + 47, -4*o - 4*t = -17 - 51. What is the tens digit of o?
2
Let v = 154 + 124. What is the hundreds digit of v?
2
Let t(v) = v**2 - 8*v - 24. What is the units digit of t(11)?
9
Suppose -39*a + 46*a = 14. What is the units digit of 97/a - 4*2/16?
8
Suppose 2*u + 5*p + 613 = 0, -4*u - 4*p - 1233 = -p. Let g = u + 473. What is the hundreds digit of g?
1
What is the units digit of (-2)/7 - 23112/(-42)?
0
Suppose -2*i = -i - 4*m - 1058, 2*i - 2140 = -4*m. What is the tens digit of i?
6
Let l be 210/3*3/2. Suppose -z - 3*p = -55, -z - 2*z = -3*p - l. What is the units digit of z?
0
Let u = -4 - -8. What is the units digit of 257 + -8 + (u - 3)?
0
What is the hundreds digit of 163 + -5 - (-4)/((-12)/(-9))?
1
Suppose 68*z - 181313 = 15*z. What is the hundreds digit of z?
4
Let q be 3*(28/(-6))/7. What is the units digit of (4/q)/((-4)/182)?
1
Let j be (8/5)/(14/(-35)). What is the tens digit of (-5)/(5/j) + 35?
3
Suppose 0 = -3*s + 13 - 1. Suppose 186 = s*u + 2*c, -5*c - 222 = -5*u - 4*c. What is the units digit of u?
5
Suppose -1266 = -0*b + 5*b + 2*m, -3*b - 759 = m. Let x = 427 + b. What is the hundreds digit of x?
1
Let y(d) = d**2 + 7*d + 3. Let o be y(-8). Suppose -o*v + 16*v = 20. Suppose -7*l = -v*l - 129. What is the tens digit of l?
4
Let y(w) = -5466*w**3 + w**2 + w + 3. What is the units digit of y(-1)?
9
Suppose 5*x - 200 = 5*r, -r + 6*r = -5*x - 250. What is the units digit of -4 - 28/(-4) - r?
8
Suppose 6*a = 3*a - 69. Let q = 4 - a. What is the units digit of q?
7
Suppose -n = -c - 6, -n + 2*c = 3*n - 18. What is the tens digit of n - (5 - -181)/(-3)?
6
Suppose 2*z + 44 = -64. Let g = 9 - z. What is the tens digit of g?
6
Let d(y) = y**3 - 7*y**2 + 8*y - 9. Let u be d(6). Let o(g) = -g**2 + u + 0*g**2 - 8*g + 7. What is the tens digit of o(-7)?
1
Suppose -4*c - 4*v = v, 2*v - 7 = -3*c. Suppose c*a - 2*j - j = -27, -4*j - 28 = 4*a. Let r = 32 + a. What is the tens digit of r?
2
Let t be (-20)/6*(-24)/20. Suppose 0 = 5*l + 15, t*f - 184 = 4*l + 84. What is the units digit of f?
4
Suppose 2*b = w + 6*b - 14, 14 = -4*w - 2*b. What is the tens digit of w*2*(-528)/72?
8
Suppose j + 4*v = -1, -5*v = 3*j + 38 - 7. Let f(x) be the first derivative of x**4/4 + 16*x**3/3 - 19*x**2/2 + 4*x - 5. What is the tens digit of f(j)?
3
Let p be 50/4*(-72)/90. Let l = 28 - p. What is the tens digit of l?
3
Suppose -5*x = -2*x + 4*p - 2117, 5*x + 2*p - 3547 = 0. Suppose -10*u = -x + 31. What is the units digit of u?
8
Suppose -3*g = 4*j - 15, j + 3*g = -j + 15. Suppose j = -7*s + 392 + 399. What is the hundreds digit of s?
1
Let r(i) be the first derivative of i**4/4 - i**3/3 - i**2/2 + 16*i + 1. Suppose -7 = 2*u + t - 3, 4*u - 4 = t. What is the units digit of r(u)?
6
Let s(t) be the second derivative of -t**5/20 + 7*t**4/12 - t**3/3 - 9*t**2/2 - 7*t. Let p be s(6). Suppose f - 7 = p. What is the tens digit of f?
2
What is the units digit of 0/(-2) + 2 + (-1 - -300)?
1
Let l(a) = 64*a - 210. What is the units digit of l(14)?
6
Let l = -2117 - -3793. What is the thousands digit of l?
1
Let p = 265 + -204. What is the units digit of p?
1
Suppose 5*s - 6 = q + 4, -5*s - 3*q + 30 = 0. Suppose f = 6*f + i - 555, -350 = -s*f - 4*i. What is the tens digit of f?
1
Let t be 0 - -1 - (8 - 10). Let i = 3 - 3. What is the units digit of t/(-6)*(i + -12)?
6
Let h = -28 + 51. Suppose -h = -4*j + 9. Suppose -3*c = -j*c + 95. What is the tens digit of c?
1
Let i = 241 - -51. What is the tens digit of i?
9
Let k(l) = -2*l**3 + 7*l**2 + 21*l - 40. What is the units digit of k(-8)?
4
Suppose -1 = -2*q + 41. Let j be (3*q)/(15/10). Suppose -j - 74 = -5*s - 2*l, -2*l + 72 = 3*s. What is the tens digit of s?
2
Let o(c) = 5*c**3 + 3*c**2 + 7*c - 10. Let w = 90 - 87. What is the units digit of o(w)?
3
Suppose -6253 = -5*d - 2*f, -3751 = -127*d + 124*d - f. What is the hundreds digit of d?
2
Let i(r) = -r**2 + 40*r - 50. What is the tens digit of i(26)?
1
Let a(d) = -2*d**2 + d + 1. Let b be a(-1). Let p(o) = o**3 - 6*o**2 + 2*o + 1. Let l be p(6). What is the tens digit of (1 - 1) + (l - b)?
1
Let q(g) = 48*g + 196. What is the hundreds digit of q(34)?
8
Suppose -4*q + 8 = -4. Suppose f = -4*f - 3*i + 98, 0 = f - q*i - 16. What is the tens digit of f?
1
Let z = 13 - 14. Let t(w) = 29*w**2 + 6*w + 6. Let y(g) = -57*g**2 - 13*g - 13. Let p(s) = 9*t(s) + 4*y(s). What is the units digit of p(z)?
3
Let b be (2 + 25/(-15))/((-2)/12). What is the units digit of (16/(-20))/(b/20)?
8
Suppose -y + 13 = -12. Suppose b + 14 = 5*i, 0 = i - 6*i + y. What is the tens digit of b?
1
Let o(p) = p**3 - 2*p**2 + 16*p + 2683. What is the tens digit of o(0)?
8
Suppose -5*l + l + 56 = 0. Let y = l + -10. What is the units digit of y - 2*4/8?
3
Let a(j) = j**3 + 27*j**2 + 43*j + 23. What is the tens digit of a(-24)?
